= n(j) + 6*y(j). Let l = 59 - 53. Calculate b(l).
10
Let t(b) = -b - 3. Let s(z) = 2*z**2 - 21*z - 13. Let q be s(17). Let r = q + -212. What is t(r)?
1
Let o(w) be the second derivative of -5*w**3/3 - 113*w**2/2 - 41*w + 1. Let y be o(-12). Let d(g) = -g**3 + 7*g**2 - 3*g + 23. Give d(y).
2
Let d(l) = 2*l - l - 185 + 202 - 3*l**3 - 14*l**2 + 2*l**3 + 5*l**2. Suppose 26 = 13*r + 143. What is d(r)?
8
Let l(a) be the third derivative of -a**5/60 + 3*a**3/2 + 19*a**2 + 51*a. Calculate l(-4).
-7
Let c(j) = -j**2 - 19*j - 63. Suppose -146*g - 291 = 2629. What is c(g)?
-83
Suppose 4 = 4*a - 2*a. Let z(w) = 42*w**2 + 43*w**2 - 84*w**a. What is z(0)?
0
Let o(v) be the first derivative of v**4/12 - v**3/6 + 15*v**2 + 2*v - 12. Let q(h) be the second derivative of o(h). Determine q(-10).
-21
Suppose 137*l + 446 = -102. Let u be (0 - 1)/((-1)/7). Let j(s) = 0 - 2*s + 1 - u. Determine j(l).
2
Let s(w) = -11 - 5*w**3 + 13 + 4*w**3 - 5 + w - 5*w**2. Suppose 2*l - 2*a = -5*a + 11, 12 = -l + 2*a. Let v be (-3 - l)*(1 + 4). Give s(v).
-8
Suppose 0 = -10*u + 108 + 332. Suppose 0 = -8*r - 3*r + u. Let l(m) = m**3 - 3*m**2 - 6*m + 8. Give l(r).
0
Let m(r) = -r**3 - 31*r**2 - 92*r - 19. Let t(y) = -2*y**3 - 66*y**2 - 185*y - 47. Let w(l) = 5*m(l) - 2*t(l). Determine w(-18).
-1
Suppose -11*u - 5088 + 5143 = 0. Let i(g) be the second derivative of g**3/3 - g**2/2 + 4*g. What is i(u)?
9
Let l(i) = i**3 - 13*i**2 - 50*i + 37. Let d be (-9*20/(-15))/(6/8). Let a be l(d). Let r(p) = -2*p + 6. Give r(a).
-4
Let y(u) = -24*u - 1. Let m be (-2*1)/(14/(-21)). Suppose -z = 2*s - 18, -s + 7*z - 5*z = -4. Suppose s*g + m + 5 = 0. Give y(g).
23
Suppose 335*q - 48*q = -2294 - 2. Let z(o) = -o**2 + 4*o - 12*o + 18 + 4*o. Calculate z(q).
-14
Let f(z) be the second derivative of -34 + 3*z - 1/20*z**5 + 3/2*z**2 - 1/4*z**4 - 1/2*z**3. Determine f(-3).
12
Let l(p) = -3*p**2 + 3*p - 1. Let f(m) = -17*m**2 + 7*m - 1. Let u(t) = f(t) - 6*l(t). What is u(8)?
-19
Let n = 238 + -222. Let j(r) = -3 - 3 - 8 - 3*r + n. What is j(-3)?
11
Let b(q) be the second derivative of -23*q**3/6 + 186*q**2 + 8696*q. Determine b(16).
4
Suppose y + 56 = -7*y. Let k be y/2*24/(-28). Let r(s) = 336 + s**3 + 2*s**2 - 2*s**k + 5*s - 335. Give r(4).
-11
Suppose 4*m - 66 = -2*n, 29 + 34 = 5*m - 4*n. Suppose -4*l = -9 - m. Let z(x) be the third derivative of 5*x**4/24 - 7*x**3/6 - 16*x**2. What is z(l)?
23
Let z(h) = -h**2 - 6*h + 11. Let y(b) = -b**2 - 7*b - 3. Let l be y(10). Let w = 165 + l. Give z(w).
-5
Let m(p) = -6*p**2 + 27*p - 25. Let k(c) = c**3 - 73*c**2 + 146*c - 283. Let g be k(71). Calculate m(g).
-4
Let s(x) = 21*x - 7 + 19*x - 4 - 4 - 39*x. Determine s(-7).
-22
Let f(d) = 25 - 1 + 27 + 45 - 11*d - 23. Determine f(6).
7
Let m(h) = -11*h**2 - 8*h - 17. Let k(g) = 39*g**2 + 25*g + 52. Let z(a) = -2*k(a) - 7*m(a). Calculate z(0).
15
Let o be ((3 - -1)/12)/((-1)/(-3)). Let c be -3*o/(-3) - -2. Suppose 0 = -6*w - c*w + 27. Let d(k) = 3*k + 2. Calculate d(w).
11
Let b(d) be the second derivative of 1/6*d**3 - 5/2*d**2 + 118 + d. Calculate b(8).
3
Suppose -16*n + 672 = -19*n + 87*n. Let s(o) = 14*o**2 + 5*o**3 + 12 - 3*o**3 - 3*o**3 - 5*o - 5*o**2. Give s(n).
36
Suppose 0 = -12*h + 17*h - 5. Let u be 7/(2*4/(-8)). Let r(y) = 5*y - 7. Let w(q) = -4*q + 8. Let m(p) = u*r(p) - 6*w(p). Give m(h).
-10
Let b = -34545 + 34548. Let g(c) be the first derivative of 5/3*c**b + 43 + 0*c - 1/2*c**2. What is g(2)?
18
Let k(q) = -q**3 + 5*q**2 - 4*q + 2. Let h be (-234)/(-52)*(8 - 6). Suppose -4*o = -0*o. Suppose o = b + h - 13. Give k(b).
2
Let o(h) be the second derivative of -h**5/20 - 5*h**4/4 - 2*h**3 + 5*h**2/2 - h + 3259. What is o(-14)?
-23
Suppose -5*o - 150 = 5*o. Let t be -6*(5/o + 0). Let x(c) = -c + 1. Let p(h) = h**2 + 10*h + 1. Let v(b) = t*x(b) + p(b). What is v(-6)?
-9
Let x(w) = 64 + 4 - 47 - 8 - w**2 - 9*w. Let u = 11 + -21. What is x(u)?
3
Let h(w) = -671*w + 218*w - 4*w**2 + 222*w + 3*w**2 + 6 + 225*w - 4. Let s = 2 - -1. Suppose -5 = -s*x + 4*x. Determine h(x).
7
Suppose 703*k = 697*k + 12. Let i be (-2 + -5*(-28)/40)*k. Let b(x) be the third derivative of x**4/24 - x**3/3 - x**2. Calculate b(i).
1
Let v(r) = 17*r - 7. Let d(p) = -1. Let g(c) = 6*d(c) - v(c). Let j(u) = 8*u - 27. Let t be j(-5). Let z = t + 68. What is g(z)?
-16
Let d(c) = 27*c + 28. Suppose -2570*k + 49 = -2619*k. What is d(k)?
1
Let t(d) = -d - d**2 - 3*d**2 + 3*d**3 + 9*d**3 + d**2 + 3 - 11*d**3. Suppose -g + 4 + 12 = 5*j, 0 = -3*g - 5*j + 68. Let m be g/6 + 1/(-3). What is t(m)?
15
Let h be ((-2)/6)/(4 - 388/96). Suppose h*g + 104 = 16*g. Let o(l) = -1 - 28*l + 16*l + g*l - l**2. Give o(0).
-1
Suppose 0 = 21*s + 17*s - 0*s + s. Let i(h) be the third derivative of 5/6*h**3 + 0 + s*h - 1/24*h**4 + 5*h**2. What is i(6)?
-1
Let u(m) = m**2 - 7*m + 5. Let k = 76 - 79. Let b be 3 - (190/(-40) + k/(-4)). Determine u(b).
5
Let n be 3/2 + 15/10. Suppose v + 2*v - 73 = -4*l, -n*v = l - 7. Let c(q) = 45*q**2 - 24*q**2 - l*q**2 + 8*q. Give c(5).
15
Let m(i) be the first derivative of i**3/3 - 13*i**2/2 - 105*i + 3736. Give m(19).
9
Suppose -k + 5 = 5*c, 22*k - 19*k = -3*c + 3. Let s(z) = -10*z - 1. Give s(c).
-11
Let a(m) = -m + 6. Let n be -116 + (-5)/(1 - -4). Let j = 151 + n. Let s = 25 - j. Give a(s).
15
Suppose -h - 19*d - 6 = -21*d, 2*h + 5*d - 24 = 0. Let n(t) = -14*t + 21*t - 8*t - 5 + t**h + 0*t**2. Calculate n(3).
1
Let x(a) = -a**2 + a + 82. Let y be x(9). Suppose 0 = 2*u + u - 6. Let d(p) = -3 - 6 + p**u + y + 3*p. What is d(-5)?
11
Let o(i) = -i**3 + 6*i**2 - 2*i + 14. Suppose 2*p - y - 13 = 0, p + 48*y = 47*y + 5. Give o(p).
2
Let p(l) be the first derivative of -53*l**2/2 + 204*l + 2438. Calculate p(4).
-8
Let n(t) = -3*t**2 + 14*t + 2 - 21*t + 9*t - 5*t**2. What is n(2)?
-26
Let s(h) = -30*h - 4. Let b(u) = -161*u - 247. Let p(t) = -b(t) + 5*s(t). Determine p(-20).
7
Let b = -21 - -13. Let r = 35 + -17. Let k(v) = 9*v**2 + 13 + 2*v + 4*v + v**3 + 3*v - r. Determine k(b).
-13
Let x(h) = -h - 1. Suppose 0 = -8*a - 170 + 554. Let y = -42 + a. Calculate x(y).
-7
Let g(o) = -o + 4. Suppose -5*v + v - 84 = -3*q, 4*v + 116 = 4*q. Suppose -p - q = -36. Give g(p).
0
Let g be (-4)/(-6) + 17/(-3). Let y(n) = -18*n + 7. Let p(u) = -28*u + 8. Let r(h) = -2*p(h) + 3*y(h). What is r(g)?
-5
Suppose 13*u - 12*u - 2*b = 18, -5*u + 20 = 4*b. Let x(m) = 3*m**2 + m**2 + 9 + 36*m - 34*m - u. Determine x(-2).
13
Let m(w) be the second derivative of w**6/120 + w**5/20 - 5*w**4/24 + 20*w**2 - 10*w + 3. Let k(y) be the first derivative of m(y). What is k(-4)?
4
Let x(f) = -110*f - 35. Let b(k) = -137*k - 34. Let l(m) = 4*b(m) - 5*x(m). What is l(-23)?
-7
Let v = -690 - -695. Let n(a) = v*a - a - 1 + 2*a - 6*a - a. Suppose 0 = 4*f - 9 - 3. Give n(f).
-4
Let c be (2/4)/(4/8). Let w(a) = 11*a - 2*a - 2*a - 1. Calculate w(c).
6
Let t(z) = z - 2. Let d = 3342 + -3336. Determine t(d).
4
Let c(n) = 3*n**3 + n**2 + n + 1. Suppose 0 = 4*v - 3*k + 7, -3*v = 5*k + 3 - 5. Calculate c(v).
-2
Let r(m) be the third derivative of 0*m - 1/6*m**3 + 2 - 6*m**2 - 1/60*m**5 - 1/6*m**4. Determine r(-4).
-1
Let z = -323 - -318. Let a(s) = -3*s - 8. Give a(z).
7
Suppose 8411 = 25*t - 4064. Let f = t - 499. Let z(j) = 2*j + 1. Calculate z(f).
1
Let h(g) = g**3 - 8*g**2 + 6*g + 8. Suppose -2*o + 49 = 5*o. Let f be (o/3)/(34/102). Give h(f).
1
Let c be (-94)/(-423) - 3/((-27)/34). Let h(t) = -2*t - 25*t**2 + c*t**3 + 8 - 3*t**3 + 27*t**2 - 9*t**2. Determine h(7).
-6
Let s(c) = 22*c**3 + 58*c**2 + 43*c. Let r(j) = -11*j**3 - 26*j**2 - 19*j. Let y(q) = -9*r(q) - 4*s(q). Give y(1).
12
Let a(v) = -329692 + 0*v**3 + 3*v + 329689 + v**3 - 6*v**2. Let n = 16 + -10. What is a(n)?
15
Let y(c) = -1389 + 694 + c**3 + 9*c**2 - 2*c - c + 699 - 2*c**2. Determine y(-8).
-36
Let n(y) = 41*y + 87. Let d be n(-3). Let k(r) = -r - 41. Let w be k(d). Let x(z) = z**2 + 4*z - 3. Give x(w).
2
Let q = 4933 + -4938. Let a(k) = -5*k - 23. Give a(q).
2
Let k be (-20)/3*(-180)/75. Let f(i) = 2*i**2 - 36*i. Determine f(k).
-64
Suppose 0 = 4*h + p - 20, 14*p - 17*p = 2*h. Let c(v) = v**3 - 6*v**2 - 7*v + 33. Let o be c(h). Let j(y) = -4*y - 27. Determine j(o).
9
Let s(j) = -2*j**2 - j**3 + 0*j**3 - 6*j**2. Let m(c) = 2*c**2 - 860*c - 3480. Let u be m(-4). Determine s(u).
0
Let l(g) = -g**3 - 7*g**2 -